
{"id":2105,"date":"2020-04-27T11:41:32","date_gmt":"2020-04-27T09:41:32","guid":{"rendered":"http:\/\/dgaonline.regione.lazio.it\/dgaonline\/?page_id=2105"},"modified":"2022-07-07T19:12:26","modified_gmt":"2022-07-07T17:12:26","slug":"piano-formativo-regionale","status":"publish","type":"page","link":"https:\/\/dgaonline.regione.lazio.it\/dgaonline\/piano-formativo-regionale\/","title":{"rendered":"Piano formativo regionale"},"content":{"rendered":"<div id=\"pl-2105\"  class=\"panel-layout\" ><div id=\"pg-2105-0\"  class=\"panel-grid panel-has-style\" ><div class=\"siteorigin-panels-stretch panel-row-style panel-row-style-for-2105-0\" data-stretch-type=\"full\" ><div id=\"pgc-2105-0-0\"  class=\"panel-grid-cell panel-grid-cell-mobile-last\" ><div id=\"panel-2105-0-0-0\" class=\"so-panel widget widget_text panel-first-child panel-last-child\" data-index=\"0\" >\t\t\t<div class=\"textwidget\"><h2>Piano Formativo Regionale<\/h2>\n<p style=\"font-size: 24px; font-weight: 600;\">La <u><a href=\"http:\/\/www.regione.lazio.it\/rl_main\/\" target=\"_blank\" rel=\"noopener\">Regione Lazio<\/a><\/u> ha predisposto un importante piano formativo in materia di gioco d&#8217;azzardo e patologie correlate.<\/p>\n<p>Con la Determinazione Dirigenziale G11104 del 14\/08\/2019 la Regione Lazio ha approvato il progetto formativo finalizzato alla formazione e all&#8217;aggiornamento degli operatori sanitari, dei servizi sociali e del terzo settore, che operano nell&#8217;ambito della prevenzione, cura e riabilitazione del gioco d&#8217;azzardo con l\u2019individuazione quale\u00a0 capofila del progetto, la ASL Roma 1.<\/p>\n<p>E\u2019 stato nominato un Comitato Tecnico Scientifico composto da:<\/p>\n<p>dott. Onofrio Casciani &#8211; Asl Roma 1<\/p>\n<p>dott.ssa Adele Di Stefano &#8211; Asl Roma 1<\/p>\n<p>dott. Giuseppe Barletta &#8211; Asl Roma 4<\/p>\n<p>dott.ssa Rosella Pacifico &#8211; Asl Rieti<\/p>\n<p>dott.ssa Marina Zainni &#8211; Asl Frosinone<\/p>\n<p>&nbsp;<\/p>\n<p>La formazione degli operatori costituisce uno strumento strategico per lo sviluppo professionale del personale regionale e per un&#8217;efficace politica di sviluppo delle risorse umane con l\u2019obiettivo di potenziare le conoscenze del fenomeno patologico del gioco d\u2019azzardo.<\/p>\n<p>Il percorso formativo \u00e8 finalizzato a garantire omogeneit\u00e0 sul territorio regionale e mettere a punto efficaci sinergie operative capaci di affrontare il fenomeno complesso e multidimensionale come quello della patologia da gioco d\u2019azzardo.<\/p>\n<p>La formazione si rivolge agli operatori sanitari, sociali e del terzo settore, secondo criteri scientifici e indicazioni univoche standardizzate.<\/p>\n<p>Il programma andr\u00e0 a consolidare le competenze gi\u00e0 acquisite inserendosi in un contesto di riorganizzazione e cambiamento del personale nelle aziende sanitarie e che tale processo coinvolger\u00e0 non solo le problematiche legate al gioco d\u2019azzardo, ma l\u2019intero percorso di assistenza delle dipendenze.<\/p>\n<p>Si svolger\u00e0 nell\u2019arco temporale di 4 anni, dei quali i primi 2 anni saranno dedicati all\u2019incremento delle competenze professionali e alla costruzione condivisa di strumenti di governo clinico (PDTA). In continuit\u00e0 con il primo biennio, \u00e8 programmata un\u2019ulteriore formazione dedicata al consolidamento delle competenze professionali, alla stabilizzazione dei saperi e alla supervisione sulla diagnosi e il trattamento.<\/p>\n<p>Di particolare rilievo \u00e8 la costruzione del percorso diagnostico terapeutico cio\u00e8 l\u2019individuazione ed il miglioramento dei percorsi di presa in carico e di trattamento, attraverso la definizione di un Percorso Diagnostico Terapeutico Assistenziale (PDTA).<\/p>\n<p>Le attivit\u00e0 formative hanno avuto avvio ufficiale il 3 ottobre 2019 con una giornata di presentazione del programma che si \u00e8 svota presso la sede della Regione Lazio di Via R.R. Garibaldi. Successivamente, il 24 febbraio, si \u00e8 solto un evento sul tema \u201cdipendenza da gioco d\u2019azzardo: epidemiologia e analisi del fenomeno\u201d, presso l\u2019Ospedale S. Spirito in Sassia, a Roma.<\/p>\n<p>Informazioni possono essere richieste all&#8217;indirizzo: <a href=\"mailto:competenzeingioco@gmail.com\">competenzeingioco@gmail.com<\/a><\/p>\n<\/div>\n\t\t<\/div><\/div><div id=\"pgc-2105-0-1\"  class=\"panel-grid-cell panel-grid-cell-empty\" ><\/div><\/div><\/div><\/div>","protected":false},"excerpt":{"rendered":"<p>Piano Formativo Regionale La Regione Lazio ha predisposto un importante piano formativo in materia di gioco d&#8217;azzardo e patologie correlate. Con la Determinazione Dirigenziale G11104 &#8230; <\/p>\n","protected":false},"author":1,"featured_media":0,"parent":0,"menu_order":0,"comment_status":"closed","ping_status":"closed","template":"home.php","meta":{"footnotes":""},"class_list":["post-2105","page","type-page","status-publish","hentry"],"_links":{"self":[{"href":"https:\/\/dgaonline.regione.lazio.it\/dgaonline\/wp-json\/wp\/v2\/pages\/2105","targetHints":{"allow":["GET"]}}],"collection":[{"href":"https:\/\/dgaonline.regione.lazio.it\/dgaonline\/wp-json\/wp\/v2\/pages"}],"about":[{"href":"https:\/\/dgaonline.regione.lazio.it\/dgaonline\/wp-json\/wp\/v2\/types\/page"}],"author":[{"embeddable":true,"href":"https:\/\/dgaonline.regione.lazio.it\/dgaonline\/wp-json\/wp\/v2\/users\/1"}],"replies":[{"embeddable":true,"href":"https:\/\/dgaonline.regione.lazio.it\/dgaonline\/wp-json\/wp\/v2\/comments?post=2105"}],"version-history":[{"count":11,"href":"https:\/\/dgaonline.regione.lazio.it\/dgaonline\/wp-json\/wp\/v2\/pages\/2105\/revisions"}],"predecessor-version":[{"id":5156,"href":"https:\/\/dgaonline.regione.lazio.it\/dgaonline\/wp-json\/wp\/v2\/pages\/2105\/revisions\/5156"}],"wp:attachment":[{"href":"https:\/\/dgaonline.regione.lazio.it\/dgaonline\/wp-json\/wp\/v2\/media?parent=2105"}],"curies":[{"name":"wp","href":"https:\/\/api.w.org\/{rel}","templated":true}]}}